t t(n) = 6*n - 2. What is the units digit of t(y)?
4
Suppose 955 = 3*h - 2*h. What is the tens digit of h?
5
Let h(f) = 3*f**2 - 89*f + 97. What is the tens digit of h(45)?
6
Let h = -105 + 150. What is the units digit of h?
5
Suppose -1 = 2*c - 7. Suppose 0 = -86*z + 83*z + 6. Suppose 2*q + c*w - 45 = 0, z*q - 49 = -2*w + 3*w. What is the tens digit of q?
2
What is the hundreds digit of (-25696)/(-10) - 525/(-375)?
5
Suppose 17*i - 2188 = 13*i. What is the units digit of i?
7
Suppose 4*a - 55 = -a. Let g(b) be the first derivative of -b**3/3 + 13*b**2/2 + 9*b - 18. What is the tens digit of g(a)?
3
Suppose 5*d = -t - 3*t + 2659, 3*t = -2*d + 1065. What is the units digit of d?
1
Suppose 0 = -5*s - 1 + 11. Suppose -2*q = -s*n - 444, -4*q + 3*q = 3*n - 214. What is the hundreds digit of q?
2
Let r(x) = x**3 - 15*x**2 + 12*x + 5. Let k be r(14). Let m(n) = -n**3 - 24*n**2 - 26*n - 25. What is the tens digit of m(k)?
4
Let z = -261 - -430. Suppose -4*u + 3*n = -z, -2*u + n + n = -84. What is the units digit of u?
3
What is the units digit of 363076/308 + 6/33?
9
Let i be (-204)/(-21) + (-4)/(-14). Let s be 6/(-4)*12/(-9). Suppose 0 = -s*n + 5*c - c + i, 0 = -5*n - c + 36. What is the units digit of n?
7
Let s(b) = -b**3 + 32*b**2 + 38*b - 36. Let f(j) = j**3 - 31*j**2 - 38*j + 37. Let p(x) = -4*f(x) - 3*s(x). What is the hundreds digit of p(29)?
2
Let u = -853 + 1532. What is the units digit of u?
9
What is the units digit of -18 - -15 - 2792/(-4)?
5
Let j(m) = 5*m - 9. Let a(q) = -49*q + 91. Let r(d) = -2*a(d) - 21*j(d). What is the units digit of r(-6)?
9
Suppose 17 = -2*l - 5*h, l + 3*l - 4*h = -20. Let t = 1 - 2. What is the units digit of (2*33/l)/t?
1
Let a(h) = 5*h**2 - 7*h - 15. Let g(o) = 4*o**2 - 7*o - 15. Let t(u) = -3*a(u) + 4*g(u). Let j be t(11). What is the tens digit of j - (4/(-2) + 2)?
2
Let s be (-638)/29*4*-1. Suppose -3*m + s = -2. What is the tens digit of m?
3
Let z = -296 + 147. Suppose 0 = -3*l - 3*q - 279, -4*q = -3*l - l - 396. Let i = l - z. What is the tens digit of i?
5
What is the hundreds digit of 1/(-12) - 15170*(-1)/24?
6
Suppose -f = -q - 152 - 1, 2*f + 5*q - 334 = 0. Suppose 3*b - 4*x = -2*x + f, 5*b + 2*x - 267 = 0. What is the tens digit of b?
5
Let d(f) = -f**2 - 4*f - 4. Let p be d(-2). Suppose p*g + 290 = 4*a - g, -2*a = 3*g - 138. What is the units digit of a?
2
Suppose 2*v + 10 - 12 = 0. What is the tens digit of (10 + 2)*v*5?
6
Let g = -85 + 153. Suppose 3*v - 93 = -3*b, -4*b + g = 3*v - 54. What is the units digit of b?
9
Suppose 0 = 31*i - 18*i - 3679. What is the units digit of i?
3
Suppose 0 = -5*w + 5*p + 4 - 9, 3*p - 3 = w. Suppose 2*s + 5*f - 16 = w, -4*f = -s + 4*s - 10. What is the tens digit of 38/4 + s/(-4)?
1
Suppose -5*i = r - 22, 3*r + 4*i = -2*r + 26. Suppose 4*z = 4*y - 4, -2*z = -r*y - 2*y + 2. What is the tens digit of 4*9*(y - -1)?
3
Let t = 959 - 625. What is the tens digit of t?
3
Let i(a) = -8*a + 18. Let n be i(2). Suppose -k - 3*k = -n*v + 338, 2*v - 330 = -4*k. What is the units digit of v?
7
Suppose 13 - 5 = 4*p. Suppose 4*r + 5*z - p - 4 = 0, 0 = -2*z - 4. Suppose -107 = -r*g - 19. What is the tens digit of g?
2
Suppose -617*u = -619*u + 508. What is the hundreds digit of u?
2
Suppose -2*u - 8 = -6*u. Suppose u*q - 1037 = -5*x - 180, x - 177 = q. What is the tens digit of x?
7
Suppose 5*r - 532 = -2*t, -t - 5*r + 266 = -r. Let p(m) = -2014*m - 266. Let j(s) = -38*s - 5. Let b(x) = t*j(x) - 5*p(x). What is the tens digit of b(-1)?
3
Let m be (-1 - -7)/(33/22). Suppose 24 + 8 = m*q + 2*h, 0 = -q + 5*h - 3. Suppose -3*p = -q*p + 36. What is the units digit of p?
9
Suppose 0*x + f - 5 = 3*x, 2*f - 10 = 4*x. What is the units digit of (x - 6)*(-286)/33?
2
Let h(z) = z**3 - z**2 + 400. Let b be h(0). Suppose -b = -5*y - 0*y. What is the units digit of y?
0
Let v = 8 - 8. Suppose 9*d - 11*d + 68 = v. What is the units digit of d?
4
Let d(l) = 4 - 2 - 3*l**2 + 2*l**3 - 3*l**3 + 0 - 3*l. Let r be d(-2). Suppose r = -4*m + j + 58, -4*j - 60 = -4*m. What is the units digit of m?
3
What is the units digit of (-224888)/(-60) + (-732)/90 + 8?
8
Let r(g) = -2*g**3 - 27*g**2 - 19*g + 28. What is the tens digit of r(-15)?
8
Let s(j) = 2*j**2 + 27*j + 8. Let l be s(-14). Suppose -2*u - 2*u = 72. Let q = l + u. What is the units digit of q?
4
Let d(l) = l**2 + 9*l. Let h be d(-9). Suppose 5*g = -4*k + 107 - 513, 5*k + 4*g + 512 = h. Let i = -54 - k. What is the units digit of i?
0
Suppose -4*c - 5*u + 68 + 109 = 0, -4*c + 172 = 4*u. Suppose -24 - 2 = -i + 3*a, -3*a + c = i. Suppose 6*t = 98 - i. What is the units digit of t?
1
Let s(z) = 18 + 0*z - 10 + 3*z - z. Let o(d) = 2*d - 6. Let j be o(7). What is the tens digit of s(j)?
2
Suppose 5*b + 2940 = 12805. What is the tens digit of b?
7
Let o(v) = -18*v - 11. What is the tens digit of o(-21)?
6
Let d(h) = -h + 14. Let b be d(12). Let i = 20 - b. What is the units digit of (-212)/(-7) - i/63?
0
What is the hundreds digit of 17 - 19 - ((2 - 1) + -882)?
8
Suppose -4*n - 658 = -l, -n + 5*l = 163 + 11. Let q = n + 280. What is the units digit of q?
6
Let s = 95 + -26. Let k = -118 + s. Let b = k - -71. What is the tens digit of b?
2
Let c(l) = -l**3 - 9*l**2 - 9*l - 11. Let u be c(-9). Suppose 0 = -g + 14 + u. Suppose -5*y + g = -3*y. What is the units digit of y?
2
Let z = 125 - 11. Suppose -5*p + z + 36 = 0. What is the tens digit of p?
3
Suppose 5*q - 1365 = 5*i + 3525, -4*q = -3*i - 3911. What is the hundreds digit of q?
9
Suppose 0 = 16*z - 8750 - 1506. What is the units digit of z?
1
Suppose -4*y - 22 = 3*a, -a + 9 = -y - 0*a. Let x be y/((3 - 1)/(-10)). Suppose x + 0 = l - o, 5*o = -5. What is the tens digit of l?
3
Let t = -192 + 480. What is the hundreds digit of t?
2
Let w(z) be the first derivative of -z**4/4 + 7*z**3 + 11*z - 3. Let q(p) = -p**3 + 12*p**2 + 15*p - 5. Let a be q(13). What is the units digit of w(a)?
1
Suppose 2339 = f + 5*n, -3524 = -4*f - 5*n + 5757. What is the units digit of f?
4
What is the units digit of 2/((-1160)/(-772) - 6/4)?
2
Suppose -2*h + 3*l = -1327, 4*h - 4028 + 1364 = -4*l. What is the tens digit of h?
6
Let g(o) = o**3 - 5*o**2 - 12*o - 9. Let y be g(7). Suppose 324 = y*s - 56. What is the tens digit of s?
7
Suppose -2*x - 3*x = -5*j, j - 12 = -5*x. Suppose 4*c - c = x*w - 56, 4*c - 5*w + 70 = 0. What is the units digit of (-5 - -2)/(15/c)?
4
Let g(o) = -2*o**2 + 5*o - 1. Let m be g(5). What is the units digit of (-6)/(-39) - (3688/m + 3)?
9
Let l(d) = d**2 - d + 36. Let p be l(0). Suppose 45 = 5*a - 0*a. Let q = p - a. What is the units digit of q?
7
Suppose 0 = -2*g - 0*g - 324. What is the tens digit of (-18)/g - (-844)/18?
4
Let l(j) = -28*j**2 + 3*j - 4. Let t be l(3). Let r be (-6)/4 + t/(-26). What is the tens digit of (1 + 0)*r - -2?
1
Suppose 5*j - 1223 = f - 5*f, 0 = -j - 5. What is the hundreds digit of f?
3
Let a = 15 - 9. Suppose a = 2*n - 4. Let r(i) = 6*i - 5. What is the tens digit of r(n)?
2
Let h(n) = -22*n + 132. What is the units digit of h(-14)?
0
Let z(o) = o. Let g be z(4). Suppose -4 = g*a - 12. Suppose 0 = -a*t + 2, -t = 2*u - 47. What is the units digit of u?
3
Suppose -19*g + 105*g - 49708 = 0. What is the hundreds digit of g?
5
Let n be 1/(-3) - 172/(-12). Let s be (-6)/n + 6/14. Let y = s + 7. What is the units digit of y?
7
Suppose 4*f = -17*i + 22*i + 7612, -5*f - 5*i + 9560 = 0. What is the units digit of f?
8
Let w(t) = 5*t**2 - 5*t + 10. Let d be w(-6). Suppose k = -k + d. What is the tens digit of k?
1
Let t = -84 + 190. What is the hundreds digit of t?
1
Let p be ((-5)/15)/((-1)/159). Suppose -m = -h + 34, -3*m + 263 = 5*h + p. What is the units digit of h?
9
Suppose -2*w + 3*j = -387, -24*w + 25*w - 196 = -j. What is the tens digit of w?
9
Let u = 60 - -157. Suppose 0 = -3*c + u + 146. What is the tens digit of c?
2
Let t(v) = 7*v**3 - 21*v**2 - 11*v - 10. What is the thousands digit of t(7)?
1
Let r(l) = 26*l - 9. Let u be r(5). Let d = u + -86. What is the units digit of d?
5
Suppose -5 = -52*h + 47*h, 0 = -3*t - h + 3481. What is the thousands digit of t?
1
What is the units digit of (6/(-4))/((-24)/80) + 73?
8
Suppose -2*p + 16 = -0*p. Let x = -6 + p. What is the units digit of -2 + (-4)/x + 8?
4
Suppose -n - 5*m = -0*n - 573, 5*m + 25 = 0. What is the hundred